{"id":115,"date":"2025-04-14T10:18:17","date_gmt":"2025-04-14T08:18:17","guid":{"rendered":"https:\/\/pimis-garden.cnita.fr\/?page_id=115"},"modified":"2025-04-14T14:51:37","modified_gmt":"2025-04-14T12:51:37","slug":"a-propos","status":"publish","type":"page","link":"https:\/\/pimis-garden.cnita.fr\/?page_id=115","title":{"rendered":"\u00c0 propos"},"content":{"rendered":"\n<div class=\"wp-block-group alignfull has-custom-color-3-background-color has-background has-global-padding is-layout-constrained wp-block-group-is-layout-constrained\" style=\"padding-top:var(--wp--preset--spacing--40);padding-bottom:var(--wp--preset--spacing--40)\">\n<h2 class=\"wp-block-heading\">\u00c0 propos<\/h2>\n\n\n\n<div class=\"wp-block-columns is-layout-flex wp-container-core-columns-is-layout-28f84493 wp-block-columns-is-layout-flex\">\n<div class=\"wp-block-column is-layout-flow wp-block-column-is-layout-flow\" style=\"flex-basis:50%\">\n<p>Je suis Manuela, une jeune illustratrice situ\u00e9e en France. Mon travail se concentre principalement sur des illustrations de personnages et d\u2019animaux, et j\u2019aime particuli\u00e8rement faire usage de couleurs douces et chaleureuses, mais aussi jouer avec les textures et outils \u00e0 ma disposition, qu\u2019ils soient traditionnels ou digitaux. Je suis \u00e9galement attach\u00e9e aux couleurs vives et \u00e0 l\u2019esth\u00e9tique des nuages, qu\u2019on rencontre r\u00e9guli\u00e8rement dans mes illustrations.<\/p>\n\n\n\n<p>Mon int\u00e9r\u00eat pour les disciplines artistiques remonte \u00e0 ma plus tendre enfance, gr\u00e2ce \u00e0 ma maman qui m\u2019a toujours plong\u00e9 dans les loisirs cr\u00e9atifs. C\u2019est \u00e0 mon adolescence que j\u2019ai commenc\u00e9 \u00e0 entrevoir un avenir en tant qu\u2019illustratrice, et apr\u00e8s beaucoup de rebondissements et d\u2019incertitudes, j\u2019ai finalement d\u00e9cid\u00e9 de me lancer dans ce qui a toujours \u00e9t\u00e9 ma passion.<\/p>\n<\/div>\n\n\n\n<div class=\"wp-block-column is-layout-flow wp-block-column-is-layout-flow\" style=\"flex-basis:50%\">\n<figure class=\"wp-block-image aligncenter size-large is-resized\"><img loading=\"lazy\" decoding=\"async\" width=\"1024\" height=\"1024\" src=\"https:\/\/pimis-garden.cnita.fr\/wp-content\/uploads\/2025\/04\/20220407_140757-edited-1024x1024.jpg\" alt=\"\" class=\"wp-image-119\" style=\"width:414px;height:auto\" srcset=\"https:\/\/pimis-garden.cnita.fr\/wp-content\/uploads\/2025\/04\/20220407_140757-edited-1024x1024.jpg 1024w, https:\/\/pimis-garden.cnita.fr\/wp-content\/uploads\/2025\/04\/20220407_140757-edited-300x300.jpg 300w, https:\/\/pimis-garden.cnita.fr\/wp-content\/uploads\/2025\/04\/20220407_140757-edited-150x150.jpg 150w, https:\/\/pimis-garden.cnita.fr\/wp-content\/uploads\/2025\/04\/20220407_140757-edited-768x768.jpg 768w, https:\/\/pimis-garden.cnita.fr\/wp-content\/uploads\/2025\/04\/20220407_140757-edited-1536x1536.jpg 1536w, https:\/\/pimis-garden.cnita.fr\/wp-content\/uploads\/2025\/04\/20220407_140757-edited-2048x2048.jpg 2048w\" sizes=\"auto, (max-width: 1024px) 100vw, 1024px\" \/><\/figure>\n<\/div>\n<\/div>\n\n\n\n<p>Dans mon temps libre j\u2019explore d\u2019autres domaines plus ou moins artistiques&nbsp;; tels que le crochet, la customisation de v\u00eatements, le maquillage cr\u00e9atif ou encore la p\u00e2tisserie&nbsp;; qui continuent d\u2019alimenter ma cr\u00e9ativit\u00e9 au quotidien.<\/p>\n\n\n\n<p><\/p>\n<\/div>\n","protected":false},"excerpt":{"rendered":"<p>\u00c0 propos Je suis Manuela, une jeune illustratrice situ\u00e9e en France. Mon travail se concentre principalement sur des illustrations de personnages et d\u2019animaux, et j\u2019aime particuli\u00e8rement faire usage de couleurs douces et chaleureuses, mais aussi jouer avec les textures et outils \u00e0 ma disposition, qu\u2019ils soient traditionnels ou digitaux. Je suis \u00e9galement attach\u00e9e aux couleurs [&hellip;]<\/p>\n","protected":false},"author":1,"featured_media":0,"parent":0,"menu_order":0,"comment_status":"closed","ping_status":"closed","template":"","meta":{"footnotes":""},"class_list":["post-115","page","type-page","status-publish","hentry"],"_links":{"self":[{"href":"https:\/\/pimis-garden.cnita.fr\/index.php?rest_route=\/wp\/v2\/pages\/115","targetHints":{"allow":["GET"]}}],"collection":[{"href":"https:\/\/pimis-garden.cnita.fr\/index.php?rest_route=\/wp\/v2\/pages"}],"about":[{"href":"https:\/\/pimis-garden.cnita.fr\/index.php?rest_route=\/wp\/v2\/types\/page"}],"author":[{"embeddable":true,"href":"https:\/\/pimis-garden.cnita.fr\/index.php?rest_route=\/wp\/v2\/users\/1"}],"replies":[{"embeddable":true,"href":"https:\/\/pimis-garden.cnita.fr\/index.php?rest_route=%2Fwp%2Fv2%2Fcomments&post=115"}],"version-history":[{"count":14,"href":"https:\/\/pimis-garden.cnita.fr\/index.php?rest_route=\/wp\/v2\/pages\/115\/revisions"}],"predecessor-version":[{"id":194,"href":"https:\/\/pimis-garden.cnita.fr\/index.php?rest_route=\/wp\/v2\/pages\/115\/revisions\/194"}],"wp:attachment":[{"href":"https:\/\/pimis-garden.cnita.fr\/index.php?rest_route=%2Fwp%2Fv2%2Fmedia&parent=115"}],"curies":[{"name":"wp","href":"https:\/\/api.w.org\/{rel}","templated":true}]}}